{"id":34,"date":"2019-08-29T12:39:01","date_gmt":"2019-08-29T12:39:01","guid":{"rendered":"http:\/\/munkacs-diocese.org\/slo\/?page_id=34"},"modified":"2019-09-25T17:16:31","modified_gmt":"2019-09-25T17:16:31","slug":"katedrala","status":"publish","type":"page","link":"https:\/\/munkacs-diocese.org\/slo\/katedrala\/","title":{"rendered":"Katedr\u00e1la"},"content":{"rendered":"<p style=\"text-align: center;\"><strong>Katedr\u00e1la sv\u00e4t\u00e9ho Martina z Tours<\/strong><\/p>\n<p><img loading=\"lazy\" decoding=\"async\" class=\"alignleft size-medium wp-image-35\" src=\"http:\/\/munkacs-diocese.org\/slo\/wp-content\/uploads\/2019\/08\/szekesegyhaz-217x300.jpg\" alt=\"\" width=\"217\" height=\"300\" srcset=\"https:\/\/munkacs-diocese.org\/slo\/wp-content\/uploads\/2019\/08\/szekesegyhaz-217x300.jpg 217w, https:\/\/munkacs-diocese.org\/slo\/wp-content\/uploads\/2019\/08\/szekesegyhaz.jpg 579w\" sizes=\"(max-width: 217px) 100vw, 217px\" \/>S\u00eddlo Muka\u010devskej r\u00edmskokatol\u00edckej diec\u00e9zy latinsk\u00e9ho obradu, mesto Muka\u010devo, je predelen\u00e9 riekou Latoricou na dve \u010dasti. R\u00edmskokatol\u00edcky kostol zo 14. storo\u010dia bol zasv\u00e4ten\u00fd \u00facte sv\u00e4t\u00e9ho Martina. Kostol pravdepodobne st\u00e1l u\u017e vtedy, ke\u010f kr\u00e1\u013eovn\u00e1 Al\u017ebeta v roku 1376 nap\u00edsala v Berehove list, ktor\u00fdm dovolila, aby mesto Muka\u010devo dalo obraz sv\u00e4t\u00e9ho Martina na svoju pe\u010da\u0165. Kr\u00e1\u013eovn\u00e1 Al\u017ebeta sa v tomto kostole \u010dasto modlievala.<\/p>\n<p>V sedemdesiatych rokoch 14. storo\u010dia kostol prestavali a v obdob\u00ed Hunyadiovcov obnovili. Za reform\u00e1cie mnoho ob\u010danov Muka\u010deva prijalo nov\u00fa vieru a im sa dostal aj kostol. V roku 1660 \u017dofia B\u00e1thoryov\u00e1 vr\u00e1tila kostol, faru a \u0161kolu katol\u00edkom.<\/p>\n<p>V roku 1686, ke\u010f Ilona Zr\u00ednyiov\u00e1 br\u00e1nila hrad, velite\u013e cis\u00e1rskych vojsk podp\u00e1lil mesto i kostol Do roku 1725 katol\u00edci ako-tak obnovili zni\u010den\u00fa stavbu. V roku 1746 sa uskuto\u010dnili rekon\u0161truk\u010dn\u00e9 pr\u00e1ce.<\/p>\n<p>Graf Erv\u00edn Sch\u00f6nborn dal v roku 1800 postavi\u0165 nov\u00fd olt\u00e1r. Jemu mo\u017eno \u010fakova\u0165 aj za olt\u00e1rny obraz, ktor\u00fd je tu podnes: sv\u00e4t\u00fd Martin na koni pod\u00e1va polovicu svojho pl\u00e1\u0161\u0165a \u017eobr\u00e1kovi, o ktorom sa vo sne dozvie, \u017ee to v skuto\u010dnosti nebol \u017eobr\u00e1k, ale s\u00e1m Kristus. Obraz nama\u013eovali vo Viedni.<\/p>\n<p>Koncom 19. storo\u010dia lo\u010f kostola bola v takom stave, \u017ee ju bolo treba zb\u00fara\u0165. Zo star\u00e9ho kostola zostalo iba presbyt\u00e9rium, ktor\u00e9 prebudovali na kaplnku. Na podnet gr\u00e1fa Sch\u00f6nborna v roku 1896 sa muka\u010devsk\u00ed katol\u00edci rozhodli postavi\u0165 nov\u00fd kostol. Grafska rodina financovala polovicu stavebn\u00fdch n\u00e1kladov. Pl\u00e1ny na kostol vypracoval Gy\u0151z\u0151 Czigler a v roku 1905 ho dostaval M\u00e1rton Wagner.<\/p>\n<p>Nov\u00fd kostol je postaven\u00fd v eklektickom \u0161t\u00fdle. Z\u00e1kladn\u00e9 steny posviacali 7. augusta 1904, dokon\u010den\u00fd kostol sl\u00e1vnostne konsekrovali 24. septembra 1905. Po roku 1945 kostol u\u017e potreboval opravu, ale povolenie od \u00faradov sa podarilo z\u00edska\u0165 a\u017e v roku 1967. Na obnove a skr\u00e1\u0161\u013eovan\u00ed kostola sa pracuje dodnes. Postavilo sa nov\u00e9 oplotenie, sp\u00e4\u0165 z\u00edskan\u00e1 kaplnka bola zrekon\u0161truovan\u00e1, s \u00faspechom zre\u0161taurovali aj obraz sv\u00e4t\u00e9ho Martina nad hlavn\u00fdm olt\u00e1rom. Na st\u00e9 v\u00fdro\u010die v\u00fdstavby kostola v roku 2004 sa za\u010dalo s op\u00e4tovnou vonkaj\u0161ou obnovou, ktor\u00e1 e\u0161te trv\u00e1.<\/p>\n<p>Kostol sa 27. marca 2002 stal katedr\u00e1lou novoustanovenej Muka\u010devskej diec\u00e9zy.<\/p>\n<p>Organ postavila v roku 1913 firma Rieger Testv\u00e9rek z Budape\u0161ti.<\/p>\n<p>Pri hlavnom vchode vis\u00ed olt\u00e1rny obraz zo zb\u00faran\u00e9ho kostola z dedinky Zs\u00e1fiafalva. Zn\u00e1zor\u0148uje sv\u00e4t\u00e9ho \u0160tefana, ako obetuje svoju kr\u00e1\u013eovsk\u00fa korunu Panne M\u00e1rii a cez \u0148u vklad\u00e1 cel\u00fa krajinu do Bo\u017e\u00edch r\u00fak. Autorom ma\u013eby je Viktor Madar\u00e1sz.<\/p>\n","protected":false},"excerpt":{"rendered":"<p>Katedr\u00e1la sv\u00e4t\u00e9ho Martina z Tours S\u00eddlo Muka\u010devskej r\u00edmskokatol\u00edckej diec\u00e9zy latinsk\u00e9ho obradu, mesto Muka\u010devo, je predelen\u00e9 riekou Latoricou na dve \u010dasti. R\u00edmskokatol\u00edcky kostol zo 14. storo\u010dia bol zasv\u00e4ten\u00fd \u00facte sv\u00e4t\u00e9ho Martina. Kostol pravdepodobne st\u00e1l u\u017e vtedy, ke\u010f kr\u00e1\u013eovn\u00e1 Al\u017ebeta v roku 1376 nap\u00edsala v Berehove list, ktor\u00fdm dovolila, aby mesto Muka\u010devo dalo obraz sv\u00e4t\u00e9ho Martina na [&hellip;]<\/p>\n","protected":false},"author":1,"featured_media":0,"parent":0,"menu_order":0,"comment_status":"closed","ping_status":"closed","template":"","meta":{"_et_pb_use_builder":"","_et_pb_old_content":"","_et_gb_content_width":"","footnotes":""},"_links":{"self":[{"href":"https:\/\/munkacs-diocese.org\/slo\/wp-json\/wp\/v2\/pages\/34"}],"collection":[{"href":"https:\/\/munkacs-diocese.org\/slo\/wp-json\/wp\/v2\/pages"}],"about":[{"href":"https:\/\/munkacs-diocese.org\/slo\/wp-json\/wp\/v2\/types\/page"}],"author":[{"embeddable":true,"href":"https:\/\/munkacs-diocese.org\/slo\/wp-json\/wp\/v2\/users\/1"}],"replies":[{"embeddable":true,"href":"https:\/\/munkacs-diocese.org\/slo\/wp-json\/wp\/v2\/comments?post=34"}],"version-history":[{"count":3,"href":"https:\/\/munkacs-diocese.org\/slo\/wp-json\/wp\/v2\/pages\/34\/revisions"}],"predecessor-version":[{"id":56,"href":"https:\/\/munkacs-diocese.org\/slo\/wp-json\/wp\/v2\/pages\/34\/revisions\/56"}],"wp:attachment":[{"href":"https:\/\/munkacs-diocese.org\/slo\/wp-json\/wp\/v2\/media?parent=34"}],"curies":[{"name":"wp","href":"https:\/\/api.w.org\/{rel}","templated":true}]}}