{"id":12812,"date":"2025-02-17T14:23:46","date_gmt":"2025-02-17T13:23:46","guid":{"rendered":"https:\/\/munkacs-diocese.org\/hu\/wp-content\/uploads\/2025\/02\/hazassag-hete_Beregszasz03.jpg"},"modified":"2025-02-17T14:23:46","modified_gmt":"2025-02-17T13:23:46","slug":"hazassag-hete_beregszasz03","status":"inherit","type":"attachment","link":"https:\/\/munkacs-diocese.org\/hu\/2025\/02\/17\/a-hazassag-hetenek-megunneplese-a-beregszaszi-egyhazkozsegben\/hazassag-hete_beregszasz03\/","title":{"rendered":"h\u00e1zass\u00e1g hete_Beregsz\u00e1sz03"},"author":4,"featured_media":0,"comment_status":"open","ping_status":"closed","template":"","meta":{"_acf_changed":false,"_et_pb_use_builder":"","_et_pb_old_content":"","_et_gb_content_width":""},"class_list":["post-12812","attachment","type-attachment","status-inherit","hentry"],"acf":[],"description":{"rendered":"<div id=\"fb-root\"><\/div>\n<p class=\"attachment\"><a href='https:\/\/munkacs-diocese.org\/hu\/wp-content\/uploads\/2025\/02\/hazassag-hete_Beregszasz03.jpg'><img loading=\"lazy\" decoding=\"async\" width=\"300\" height=\"225\" src=\"https:\/\/munkacs-diocese.org\/hu\/wp-content\/uploads\/2025\/02\/hazassag-hete_Beregszasz03-300x225.jpg\" class=\"attachment-medium size-medium\" alt=\"\" srcset=\"https:\/\/munkacs-diocese.org\/hu\/wp-content\/uploads\/2025\/02\/hazassag-hete_Beregszasz03-300x225.jpg 300w, https:\/\/munkacs-diocese.org\/hu\/wp-content\/uploads\/2025\/02\/hazassag-hete_Beregszasz03-1024x768.jpg 1024w, https:\/\/munkacs-diocese.org\/hu\/wp-content\/uploads\/2025\/02\/hazassag-hete_Beregszasz03-768x576.jpg 768w, https:\/\/munkacs-diocese.org\/hu\/wp-content\/uploads\/2025\/02\/hazassag-hete_Beregszasz03-1536x1152.jpg 1536w, https:\/\/munkacs-diocese.org\/hu\/wp-content\/uploads\/2025\/02\/hazassag-hete_Beregszasz03-1080x810.jpg 1080w, https:\/\/munkacs-diocese.org\/hu\/wp-content\/uploads\/2025\/02\/hazassag-hete_Beregszasz03.jpg 2048w\" sizes=\"(max-width: 300px) 100vw, 300px\" \/><\/a><\/p>\n"},"caption":{"rendered":""},"alt_text":"","media_type":"image","mime_type":"image\/jpeg","media_details":{"width":2048,"height":1536,"file":"2025\/02\/hazassag-hete_Beregszasz03.jpg","filesize":326791,"sizes":{"medium":{"file":"hazassag-hete_Beregszasz03-300x225.jpg","width":300,"height":225,"filesize":13562,"mime_type":"image\/jpeg","source_url":"https:\/\/munkacs-diocese.org\/hu\/wp-content\/uploads\/2025\/02\/hazassag-hete_Beregszasz03-300x225.jpg"},"large":{"file":"hazassag-hete_Beregszasz03-1024x768.jpg","width":1024,"height":768,"filesize":106173,"mime_type":"image\/jpeg","source_url":"https:\/\/munkacs-diocese.org\/hu\/wp-content\/uploads\/2025\/02\/hazassag-hete_Beregszasz03-1024x768.jpg"},"thumbnail":{"file":"hazassag-hete_Beregszasz03-150x150.jpg","width":150,"height":150,"filesize":5627,"mime_type":"image\/jpeg","source_url":"https:\/\/munkacs-diocese.org\/hu\/wp-content\/uploads\/2025\/02\/hazassag-hete_Beregszasz03-150x150.jpg"},"medium_large":{"file":"hazassag-hete_Beregszasz03-768x576.jpg","width":768,"height":576,"filesize":64108,"mime_type":"image\/jpeg","source_url":"https:\/\/munkacs-diocese.org\/hu\/wp-content\/uploads\/2025\/02\/hazassag-hete_Beregszasz03-768x576.jpg"},"1536x1536":{"file":"hazassag-hete_Beregszasz03-1536x1152.jpg","width":1536,"height":1152,"filesize":232954,"mime_type":"image\/jpeg","source_url":"https:\/\/munkacs-diocese.org\/hu\/wp-content\/uploads\/2025\/02\/hazassag-hete_Beregszasz03-1536x1152.jpg"},"et-builder-post-main-image":{"file":"hazassag-hete_Beregszasz03-400x250.jpg","width":400,"height":250,"filesize":18375,"mime_type":"image\/jpeg","source_url":"https:\/\/munkacs-diocese.org\/hu\/wp-content\/uploads\/2025\/02\/hazassag-hete_Beregszasz03-400x250.jpg"},"et-builder-post-main-image-fullwidth":{"file":"hazassag-hete_Beregszasz03-1080x675.jpg","width":1080,"height":675,"filesize":104220,"mime_type":"image\/jpeg","source_url":"https:\/\/munkacs-diocese.org\/hu\/wp-content\/uploads\/2025\/02\/hazassag-hete_Beregszasz03-1080x675.jpg"},"et-builder-portfolio-image":{"file":"hazassag-hete_Beregszasz03-400x284.jpg","width":400,"height":284,"filesize":20189,"mime_type":"image\/jpeg","source_url":"https:\/\/munkacs-diocese.org\/hu\/wp-content\/uploads\/2025\/02\/hazassag-hete_Beregszasz03-400x284.jpg"},"et-builder-portfolio-image-single":{"file":"hazassag-hete_Beregszasz03-1080x810.jpg","width":1080,"height":810,"filesize":119989,"mime_type":"image\/jpeg","source_url":"https:\/\/munkacs-diocese.org\/hu\/wp-content\/uploads\/2025\/02\/hazassag-hete_Beregszasz03-1080x810.jpg"},"et-builder-gallery-image-portrait":{"file":"hazassag-hete_Beregszasz03-400x516.jpg","width":400,"height":516,"filesize":30001,"mime_type":"image\/jpeg","source_url":"https:\/\/munkacs-diocese.org\/hu\/wp-content\/uploads\/2025\/02\/hazassag-hete_Beregszasz03-400x516.jpg"},"extra-image-huge":{"file":"hazassag-hete_Beregszasz03-1280x768.jpg","width":1280,"height":768,"filesize":137760,"mime_type":"image\/jpeg","source_url":"https:\/\/munkacs-diocese.org\/hu\/wp-content\/uploads\/2025\/02\/hazassag-hete_Beregszasz03-1280x768.jpg"},"extra-image-single-post":{"file":"hazassag-hete_Beregszasz03-1280x640.jpg","width":1280,"height":640,"filesize":116949,"mime_type":"image\/jpeg","source_url":"https:\/\/munkacs-diocese.org\/hu\/wp-content\/uploads\/2025\/02\/hazassag-hete_Beregszasz03-1280x640.jpg"},"extra-image-medium":{"file":"hazassag-hete_Beregszasz03-627x376.jpg","width":627,"height":376,"filesize":38274,"mime_type":"image\/jpeg","source_url":"https:\/\/munkacs-diocese.org\/hu\/wp-content\/uploads\/2025\/02\/hazassag-hete_Beregszasz03-627x376.jpg"},"extra-image-small":{"file":"hazassag-hete_Beregszasz03-440x264.jpg","width":440,"height":264,"filesize":20889,"mime_type":"image\/jpeg","source_url":"https:\/\/munkacs-diocese.org\/hu\/wp-content\/uploads\/2025\/02\/hazassag-hete_Beregszasz03-440x264.jpg"},"extra-image-square-medium":{"file":"hazassag-hete_Beregszasz03-440x440.jpg","width":440,"height":440,"filesize":29756,"mime_type":"image\/jpeg","source_url":"https:\/\/munkacs-diocese.org\/hu\/wp-content\/uploads\/2025\/02\/hazassag-hete_Beregszasz03-440x440.jpg"},"extra-image-square-small":{"file":"hazassag-hete_Beregszasz03-150x150.jpg","width":150,"height":150,"filesize":5627,"mime_type":"image\/jpeg","source_url":"https:\/\/munkacs-diocese.org\/hu\/wp-content\/uploads\/2025\/02\/hazassag-hete_Beregszasz03-150x150.jpg"},"full":{"file":"hazassag-hete_Beregszasz03.jpg","width":2048,"height":1536,"mime_type":"image\/jpeg","source_url":"https:\/\/munkacs-diocese.org\/hu\/wp-content\/uploads\/2025\/02\/hazassag-hete_Beregszasz03.jpg"}},"image_meta":{"aperture":"0","credit":"","camera":"","caption":"","created_timestamp":"0","copyright":"","focal_length":"0","iso":"0","shutter_speed":"0","title":"","orientation":"0","keywords":[]}},"post":12808,"source_url":"https:\/\/munkacs-diocese.org\/hu\/wp-content\/uploads\/2025\/02\/hazassag-hete_Beregszasz03.jpg","_links":{"self":[{"href":"https:\/\/munkacs-diocese.org\/hu\/wp-json\/wp\/v2\/media\/12812"}],"collection":[{"href":"https:\/\/munkacs-diocese.org\/hu\/wp-json\/wp\/v2\/media"}],"about":[{"href":"https:\/\/munkacs-diocese.org\/hu\/wp-json\/wp\/v2\/types\/attachment"}],"author":[{"embeddable":true,"href":"https:\/\/munkacs-diocese.org\/hu\/wp-json\/wp\/v2\/users\/4"}],"replies":[{"embeddable":true,"href":"https:\/\/munkacs-diocese.org\/hu\/wp-json\/wp\/v2\/comments?post=12812"}]}}

házasság hete_Beregszász03
