{"id":12271,"date":"2024-09-05T14:48:12","date_gmt":"2024-09-05T12:48:12","guid":{"rendered":"https:\/\/munkacs-diocese.org\/hu\/wp-content\/uploads\/2024\/09\/liceum-evnyito05.jpg"},"modified":"2024-09-05T14:48:12","modified_gmt":"2024-09-05T12:48:12","slug":"liceum-evnyito05","status":"inherit","type":"attachment","link":"https:\/\/munkacs-diocese.org\/hu\/2024\/09\/03\/megkezdodott-az-uj-tanev-a-munkacsi-szent-istvan-romai-katolikus-liceumban\/liceum-evnyito05\/","title":{"rendered":"l\u00edceum \u00e9vnyit\u00f305"},"author":4,"featured_media":0,"comment_status":"open","ping_status":"closed","template":"","meta":{"_acf_changed":false,"_et_pb_use_builder":"","_et_pb_old_content":"","_et_gb_content_width":""},"class_list":["post-12271","attachment","type-attachment","status-inherit","hentry"],"acf":[],"description":{"rendered":"<div id=\"fb-root\"><\/div>\n<p class=\"attachment\"><a href='https:\/\/munkacs-diocese.org\/hu\/wp-content\/uploads\/2024\/09\/liceum-evnyito05-scaled.jpg'><img loading=\"lazy\" decoding=\"async\" width=\"225\" height=\"300\" src=\"https:\/\/munkacs-diocese.org\/hu\/wp-content\/uploads\/2024\/09\/liceum-evnyito05-225x300.jpg\" class=\"attachment-medium size-medium\" alt=\"\" srcset=\"https:\/\/munkacs-diocese.org\/hu\/wp-content\/uploads\/2024\/09\/liceum-evnyito05-225x300.jpg 225w, https:\/\/munkacs-diocese.org\/hu\/wp-content\/uploads\/2024\/09\/liceum-evnyito05-768x1024.jpg 768w, https:\/\/munkacs-diocese.org\/hu\/wp-content\/uploads\/2024\/09\/liceum-evnyito05-1152x1536.jpg 1152w, https:\/\/munkacs-diocese.org\/hu\/wp-content\/uploads\/2024\/09\/liceum-evnyito05-1536x2048.jpg 1536w, https:\/\/munkacs-diocese.org\/hu\/wp-content\/uploads\/2024\/09\/liceum-evnyito05-1080x1440.jpg 1080w, https:\/\/munkacs-diocese.org\/hu\/wp-content\/uploads\/2024\/09\/liceum-evnyito05-scaled.jpg 1920w\" sizes=\"(max-width: 225px) 100vw, 225px\" \/><\/a><\/p>\n"},"caption":{"rendered":""},"alt_text":"","media_type":"image","mime_type":"image\/jpeg","media_details":{"width":1920,"height":2560,"file":"2024\/09\/liceum-evnyito05-scaled.jpg","filesize":393083,"sizes":{"medium":{"file":"liceum-evnyito05-225x300.jpg","width":225,"height":300,"filesize":63420,"mime_type":"image\/jpeg","source_url":"https:\/\/munkacs-diocese.org\/hu\/wp-content\/uploads\/2024\/09\/liceum-evnyito05-225x300.jpg"},"large":{"file":"liceum-evnyito05-768x1024.jpg","width":768,"height":1024,"filesize":139308,"mime_type":"image\/jpeg","source_url":"https:\/\/munkacs-diocese.org\/hu\/wp-content\/uploads\/2024\/09\/liceum-evnyito05-768x1024.jpg"},"thumbnail":{"file":"liceum-evnyito05-150x150.jpg","width":150,"height":150,"filesize":56145,"mime_type":"image\/jpeg","source_url":"https:\/\/munkacs-diocese.org\/hu\/wp-content\/uploads\/2024\/09\/liceum-evnyito05-150x150.jpg"},"medium_large":{"file":"liceum-evnyito05-768x1024.jpg","width":768,"height":1024,"filesize":139308,"mime_type":"image\/jpeg","source_url":"https:\/\/munkacs-diocese.org\/hu\/wp-content\/uploads\/2024\/09\/liceum-evnyito05-768x1024.jpg"},"1536x1536":{"file":"liceum-evnyito05-1152x1536.jpg","width":1152,"height":1536,"filesize":215809,"mime_type":"image\/jpeg","source_url":"https:\/\/munkacs-diocese.org\/hu\/wp-content\/uploads\/2024\/09\/liceum-evnyito05-1152x1536.jpg"},"2048x2048":{"file":"liceum-evnyito05-1536x2048.jpg","width":1536,"height":2048,"filesize":299851,"mime_type":"image\/jpeg","source_url":"https:\/\/munkacs-diocese.org\/hu\/wp-content\/uploads\/2024\/09\/liceum-evnyito05-1536x2048.jpg"},"et-builder-post-main-image":{"file":"liceum-evnyito05-400x250.jpg","width":400,"height":250,"filesize":67268,"mime_type":"image\/jpeg","source_url":"https:\/\/munkacs-diocese.org\/hu\/wp-content\/uploads\/2024\/09\/liceum-evnyito05-400x250.jpg"},"et-builder-post-main-image-fullwidth":{"file":"liceum-evnyito05-1080x675.jpg","width":1080,"height":675,"filesize":130922,"mime_type":"image\/jpeg","source_url":"https:\/\/munkacs-diocese.org\/hu\/wp-content\/uploads\/2024\/09\/liceum-evnyito05-1080x675.jpg"},"et-builder-portfolio-image":{"file":"liceum-evnyito05-400x284.jpg","width":400,"height":284,"filesize":69257,"mime_type":"image\/jpeg","source_url":"https:\/\/munkacs-diocese.org\/hu\/wp-content\/uploads\/2024\/09\/liceum-evnyito05-400x284.jpg"},"et-builder-portfolio-image-single":{"file":"liceum-evnyito05-1080x1440.jpg","width":1080,"height":1440,"filesize":200841,"mime_type":"image\/jpeg","source_url":"https:\/\/munkacs-diocese.org\/hu\/wp-content\/uploads\/2024\/09\/liceum-evnyito05-1080x1440.jpg"},"et-builder-gallery-image-portrait":{"file":"liceum-evnyito05-400x516.jpg","width":400,"height":516,"filesize":80475,"mime_type":"image\/jpeg","source_url":"https:\/\/munkacs-diocese.org\/hu\/wp-content\/uploads\/2024\/09\/liceum-evnyito05-400x516.jpg"},"extra-image-huge":{"file":"liceum-evnyito05-1280x768.jpg","width":1280,"height":768,"filesize":147731,"mime_type":"image\/jpeg","source_url":"https:\/\/munkacs-diocese.org\/hu\/wp-content\/uploads\/2024\/09\/liceum-evnyito05-1280x768.jpg"},"extra-image-single-post":{"file":"liceum-evnyito05-1280x640.jpg","width":1280,"height":640,"filesize":131823,"mime_type":"image\/jpeg","source_url":"https:\/\/munkacs-diocese.org\/hu\/wp-content\/uploads\/2024\/09\/liceum-evnyito05-1280x640.jpg"},"extra-image-medium":{"file":"liceum-evnyito05-627x376.jpg","width":627,"height":376,"filesize":84092,"mime_type":"image\/jpeg","source_url":"https:\/\/munkacs-diocese.org\/hu\/wp-content\/uploads\/2024\/09\/liceum-evnyito05-627x376.jpg"},"extra-image-small":{"file":"liceum-evnyito05-440x264.jpg","width":440,"height":264,"filesize":69164,"mime_type":"image\/jpeg","source_url":"https:\/\/munkacs-diocese.org\/hu\/wp-content\/uploads\/2024\/09\/liceum-evnyito05-440x264.jpg"},"extra-image-square-medium":{"file":"liceum-evnyito05-440x440.jpg","width":440,"height":440,"filesize":79222,"mime_type":"image\/jpeg","source_url":"https:\/\/munkacs-diocese.org\/hu\/wp-content\/uploads\/2024\/09\/liceum-evnyito05-440x440.jpg"},"extra-image-square-small":{"file":"liceum-evnyito05-150x150.jpg","width":150,"height":150,"filesize":56145,"mime_type":"image\/jpeg","source_url":"https:\/\/munkacs-diocese.org\/hu\/wp-content\/uploads\/2024\/09\/liceum-evnyito05-150x150.jpg"},"full":{"file":"liceum-evnyito05-scaled.jpg","width":1920,"height":2560,"mime_type":"image\/jpeg","source_url":"https:\/\/munkacs-diocese.org\/hu\/wp-content\/uploads\/2024\/09\/liceum-evnyito05-scaled.jpg"}},"image_meta":{"aperture":"0","credit":"","camera":"","caption":"","created_timestamp":"0","copyright":"","focal_length":"0","iso":"0","shutter_speed":"0","title":"","orientation":"0","keywords":[]},"original_image":"liceum-evnyito05.jpg"},"post":12264,"source_url":"https:\/\/munkacs-diocese.org\/hu\/wp-content\/uploads\/2024\/09\/liceum-evnyito05-scaled.jpg","_links":{"self":[{"href":"https:\/\/munkacs-diocese.org\/hu\/wp-json\/wp\/v2\/media\/12271"}],"collection":[{"href":"https:\/\/munkacs-diocese.org\/hu\/wp-json\/wp\/v2\/media"}],"about":[{"href":"https:\/\/munkacs-diocese.org\/hu\/wp-json\/wp\/v2\/types\/attachment"}],"author":[{"embeddable":true,"href":"https:\/\/munkacs-diocese.org\/hu\/wp-json\/wp\/v2\/users\/4"}],"replies":[{"embeddable":true,"href":"https:\/\/munkacs-diocese.org\/hu\/wp-json\/wp\/v2\/comments?post=12271"}]}}

líceum évnyitó05
