{"id":11777,"date":"2024-04-15T09:52:34","date_gmt":"2024-04-15T07:52:34","guid":{"rendered":"https:\/\/munkacs-diocese.org\/hu\/wp-content\/uploads\/2024\/04\/SHenborn-Archangel-Michael-scaled-1.jpg"},"modified":"2024-04-15T09:57:18","modified_gmt":"2024-04-15T07:57:18","slug":"shenborn-archangel-michael-scaled","status":"inherit","type":"attachment","link":"https:\/\/munkacs-diocese.org\/hu\/2024\/04\/15\/mihaly-arkangyal-segitsegevel-gyozzuk-le-a-bennunk-elo-sotetseget-beszelgetes-joseph-trunk-schonborni-plebanossal\/shenborn-archangel-michael-scaled\/","title":{"rendered":"SHenborn-Archangel-Michael-scaled"},"author":4,"featured_media":0,"comment_status":"open","ping_status":"closed","template":"","meta":{"_acf_changed":false,"_et_pb_use_builder":"","_et_pb_old_content":"","_et_gb_content_width":""},"class_list":["post-11777","attachment","type-attachment","status-inherit","hentry"],"acf":[],"description":{"rendered":"<div id=\"fb-root\"><\/div>\n<p class=\"attachment\"><a href='https:\/\/munkacs-diocese.org\/hu\/wp-content\/uploads\/2024\/04\/SHenborn-Archangel-Michael-scaled-1.jpg'><img loading=\"lazy\" decoding=\"async\" width=\"225\" height=\"300\" src=\"https:\/\/munkacs-diocese.org\/hu\/wp-content\/uploads\/2024\/04\/SHenborn-Archangel-Michael-scaled-1-225x300.jpg\" class=\"attachment-medium size-medium\" alt=\"\" srcset=\"https:\/\/munkacs-diocese.org\/hu\/wp-content\/uploads\/2024\/04\/SHenborn-Archangel-Michael-scaled-1-225x300.jpg 225w, https:\/\/munkacs-diocese.org\/hu\/wp-content\/uploads\/2024\/04\/SHenborn-Archangel-Michael-scaled-1-768x1024.jpg 768w, https:\/\/munkacs-diocese.org\/hu\/wp-content\/uploads\/2024\/04\/SHenborn-Archangel-Michael-scaled-1-1152x1536.jpg 1152w, https:\/\/munkacs-diocese.org\/hu\/wp-content\/uploads\/2024\/04\/SHenborn-Archangel-Michael-scaled-1-1536x2048.jpg 1536w, https:\/\/munkacs-diocese.org\/hu\/wp-content\/uploads\/2024\/04\/SHenborn-Archangel-Michael-scaled-1-1080x1440.jpg 1080w, https:\/\/munkacs-diocese.org\/hu\/wp-content\/uploads\/2024\/04\/SHenborn-Archangel-Michael-scaled-1.jpg 1920w\" sizes=\"(max-width: 225px) 100vw, 225px\" \/><\/a><\/p>\n"},"caption":{"rendered":"<p>Szent Mih\u00e1ly olt\u00e1rk\u00e9p Sch\u00f6nbornban <\/p>\n"},"alt_text":"","media_type":"image","mime_type":"image\/jpeg","media_details":{"width":1920,"height":2560,"file":"2024\/04\/SHenborn-Archangel-Michael-scaled-1.jpg","sizes":{"medium":{"file":"SHenborn-Archangel-Michael-scaled-1-225x300.jpg","width":225,"height":300,"mime_type":"image\/jpeg","source_url":"https:\/\/munkacs-diocese.org\/hu\/wp-content\/uploads\/2024\/04\/SHenborn-Archangel-Michael-scaled-1-225x300.jpg"},"large":{"file":"SHenborn-Archangel-Michael-scaled-1-768x1024.jpg","width":768,"height":1024,"mime_type":"image\/jpeg","source_url":"https:\/\/munkacs-diocese.org\/hu\/wp-content\/uploads\/2024\/04\/SHenborn-Archangel-Michael-scaled-1-768x1024.jpg"},"thumbnail":{"file":"SHenborn-Archangel-Michael-scaled-1-150x150.jpg","width":150,"height":150,"mime_type":"image\/jpeg","source_url":"https:\/\/munkacs-diocese.org\/hu\/wp-content\/uploads\/2024\/04\/SHenborn-Archangel-Michael-scaled-1-150x150.jpg"},"medium_large":{"file":"SHenborn-Archangel-Michael-scaled-1-768x1024.jpg","width":768,"height":1024,"mime_type":"image\/jpeg","source_url":"https:\/\/munkacs-diocese.org\/hu\/wp-content\/uploads\/2024\/04\/SHenborn-Archangel-Michael-scaled-1-768x1024.jpg"},"1536x1536":{"file":"SHenborn-Archangel-Michael-scaled-1-1152x1536.jpg","width":1152,"height":1536,"mime_type":"image\/jpeg","source_url":"https:\/\/munkacs-diocese.org\/hu\/wp-content\/uploads\/2024\/04\/SHenborn-Archangel-Michael-scaled-1-1152x1536.jpg"},"2048x2048":{"file":"SHenborn-Archangel-Michael-scaled-1-1536x2048.jpg","width":1536,"height":2048,"mime_type":"image\/jpeg","source_url":"https:\/\/munkacs-diocese.org\/hu\/wp-content\/uploads\/2024\/04\/SHenborn-Archangel-Michael-scaled-1-1536x2048.jpg"},"et-builder-post-main-image":{"file":"SHenborn-Archangel-Michael-scaled-1-400x250.jpg","width":400,"height":250,"mime_type":"image\/jpeg","source_url":"https:\/\/munkacs-diocese.org\/hu\/wp-content\/uploads\/2024\/04\/SHenborn-Archangel-Michael-scaled-1-400x250.jpg"},"et-builder-post-main-image-fullwidth":{"file":"SHenborn-Archangel-Michael-scaled-1-1080x675.jpg","width":1080,"height":675,"mime_type":"image\/jpeg","source_url":"https:\/\/munkacs-diocese.org\/hu\/wp-content\/uploads\/2024\/04\/SHenborn-Archangel-Michael-scaled-1-1080x675.jpg"},"et-builder-portfolio-image":{"file":"SHenborn-Archangel-Michael-scaled-1-400x284.jpg","width":400,"height":284,"mime_type":"image\/jpeg","source_url":"https:\/\/munkacs-diocese.org\/hu\/wp-content\/uploads\/2024\/04\/SHenborn-Archangel-Michael-scaled-1-400x284.jpg"},"et-builder-portfolio-image-single":{"file":"SHenborn-Archangel-Michael-scaled-1-1080x1440.jpg","width":1080,"height":1440,"mime_type":"image\/jpeg","source_url":"https:\/\/munkacs-diocese.org\/hu\/wp-content\/uploads\/2024\/04\/SHenborn-Archangel-Michael-scaled-1-1080x1440.jpg"},"et-builder-gallery-image-portrait":{"file":"SHenborn-Archangel-Michael-scaled-1-400x516.jpg","width":400,"height":516,"mime_type":"image\/jpeg","source_url":"https:\/\/munkacs-diocese.org\/hu\/wp-content\/uploads\/2024\/04\/SHenborn-Archangel-Michael-scaled-1-400x516.jpg"},"extra-image-huge":{"file":"SHenborn-Archangel-Michael-scaled-1-1280x768.jpg","width":1280,"height":768,"mime_type":"image\/jpeg","source_url":"https:\/\/munkacs-diocese.org\/hu\/wp-content\/uploads\/2024\/04\/SHenborn-Archangel-Michael-scaled-1-1280x768.jpg"},"extra-image-single-post":{"file":"SHenborn-Archangel-Michael-scaled-1-1280x640.jpg","width":1280,"height":640,"mime_type":"image\/jpeg","source_url":"https:\/\/munkacs-diocese.org\/hu\/wp-content\/uploads\/2024\/04\/SHenborn-Archangel-Michael-scaled-1-1280x640.jpg"},"extra-image-medium":{"file":"SHenborn-Archangel-Michael-scaled-1-627x376.jpg","width":627,"height":376,"mime_type":"image\/jpeg","source_url":"https:\/\/munkacs-diocese.org\/hu\/wp-content\/uploads\/2024\/04\/SHenborn-Archangel-Michael-scaled-1-627x376.jpg"},"extra-image-small":{"file":"SHenborn-Archangel-Michael-scaled-1-440x264.jpg","width":440,"height":264,"mime_type":"image\/jpeg","source_url":"https:\/\/munkacs-diocese.org\/hu\/wp-content\/uploads\/2024\/04\/SHenborn-Archangel-Michael-scaled-1-440x264.jpg"},"extra-image-square-medium":{"file":"SHenborn-Archangel-Michael-scaled-1-440x440.jpg","width":440,"height":440,"mime_type":"image\/jpeg","source_url":"https:\/\/munkacs-diocese.org\/hu\/wp-content\/uploads\/2024\/04\/SHenborn-Archangel-Michael-scaled-1-440x440.jpg"},"extra-image-square-small":{"file":"SHenborn-Archangel-Michael-scaled-1-150x150.jpg","width":150,"height":150,"mime_type":"image\/jpeg","source_url":"https:\/\/munkacs-diocese.org\/hu\/wp-content\/uploads\/2024\/04\/SHenborn-Archangel-Michael-scaled-1-150x150.jpg"},"full":{"file":"SHenborn-Archangel-Michael-scaled-1.jpg","width":1920,"height":2560,"mime_type":"image\/jpeg","source_url":"https:\/\/munkacs-diocese.org\/hu\/wp-content\/uploads\/2024\/04\/SHenborn-Archangel-Michael-scaled-1.jpg"}},"image_meta":{"aperture":"2","credit":"","camera":"SM-M127F","caption":"","created_timestamp":"1709134354","copyright":"","focal_length":"4.6","iso":"288","shutter_speed":"0.03030303030303","title":"","orientation":"1","keywords":[]}},"post":11774,"source_url":"https:\/\/munkacs-diocese.org\/hu\/wp-content\/uploads\/2024\/04\/SHenborn-Archangel-Michael-scaled-1.jpg","_links":{"self":[{"href":"https:\/\/munkacs-diocese.org\/hu\/wp-json\/wp\/v2\/media\/11777"}],"collection":[{"href":"https:\/\/munkacs-diocese.org\/hu\/wp-json\/wp\/v2\/media"}],"about":[{"href":"https:\/\/munkacs-diocese.org\/hu\/wp-json\/wp\/v2\/types\/attachment"}],"author":[{"embeddable":true,"href":"https:\/\/munkacs-diocese.org\/hu\/wp-json\/wp\/v2\/users\/4"}],"replies":[{"embeddable":true,"href":"https:\/\/munkacs-diocese.org\/hu\/wp-json\/wp\/v2\/comments?post=11777"}]}}

<p>Szent Mihály oltárkép Schönbornban </p>
