{"id":10507,"date":"2023-05-08T13:34:55","date_gmt":"2023-05-08T11:34:55","guid":{"rendered":"https:\/\/munkacs-diocese.org\/hu\/wp-content\/uploads\/2023\/05\/papa-a-madonna-kep-elott.jpg"},"modified":"2023-05-08T13:34:55","modified_gmt":"2023-05-08T11:34:55","slug":"papa-a-madonna-kep-elott","status":"inherit","type":"attachment","link":"https:\/\/munkacs-diocese.org\/hu\/2023\/05\/08\/koszonjuk-szentatya-beszamolo-a-munkacsi-egyhazmegye-ferenc-papaval-valo-talalkozasarol\/papa-a-madonna-kep-elott\/","title":{"rendered":"p\u00e1pa a madonna k\u00e9p el\u0151tt"},"author":4,"featured_media":0,"comment_status":"open","ping_status":"closed","template":"","meta":{"_acf_changed":false,"_et_pb_use_builder":"","_et_pb_old_content":"","_et_gb_content_width":""},"class_list":["post-10507","attachment","type-attachment","status-inherit","hentry"],"acf":[],"description":{"rendered":"<div id=\"fb-root\"><\/div>\n<p class=\"attachment\"><a href='https:\/\/munkacs-diocese.org\/hu\/wp-content\/uploads\/2023\/05\/papa-a-madonna-kep-elott-e1683549010741.jpg'><img loading=\"lazy\" decoding=\"async\" width=\"300\" height=\"169\" src=\"https:\/\/munkacs-diocese.org\/hu\/wp-content\/uploads\/2023\/05\/papa-a-madonna-kep-elott-e1683549010741-300x169.jpg\" class=\"attachment-medium size-medium\" alt=\"\" srcset=\"https:\/\/munkacs-diocese.org\/hu\/wp-content\/uploads\/2023\/05\/papa-a-madonna-kep-elott-e1683549010741-300x169.jpg 300w, https:\/\/munkacs-diocese.org\/hu\/wp-content\/uploads\/2023\/05\/papa-a-madonna-kep-elott-e1683549010741-768x434.jpg 768w, https:\/\/munkacs-diocese.org\/hu\/wp-content\/uploads\/2023\/05\/papa-a-madonna-kep-elott-e1683549010741.jpg 850w\" sizes=\"(max-width: 300px) 100vw, 300px\" \/><\/a><\/p>\n"},"caption":{"rendered":""},"alt_text":"","media_type":"image","mime_type":"image\/jpeg","media_details":{"width":850,"height":480,"file":"2023\/05\/papa-a-madonna-kep-elott-e1683549010741.jpg","sizes":{"medium":{"file":"papa-a-madonna-kep-elott-e1683549010741-300x169.jpg","width":300,"height":169,"mime_type":"image\/jpeg","source_url":"https:\/\/munkacs-diocese.org\/hu\/wp-content\/uploads\/2023\/05\/papa-a-madonna-kep-elott-e1683549010741-300x169.jpg"},"thumbnail":{"file":"papa-a-madonna-kep-elott-e1683549010741-150x150.jpg","width":150,"height":150,"mime_type":"image\/jpeg","source_url":"https:\/\/munkacs-diocese.org\/hu\/wp-content\/uploads\/2023\/05\/papa-a-madonna-kep-elott-e1683549010741-150x150.jpg"},"medium_large":{"file":"papa-a-madonna-kep-elott-e1683549010741-768x434.jpg","width":768,"height":434,"mime_type":"image\/jpeg","source_url":"https:\/\/munkacs-diocese.org\/hu\/wp-content\/uploads\/2023\/05\/papa-a-madonna-kep-elott-e1683549010741-768x434.jpg"},"et-builder-post-main-image":{"file":"papa-a-madonna-kep-elott-e1683549010741-400x250.jpg","width":400,"height":250,"mime_type":"image\/jpeg","source_url":"https:\/\/munkacs-diocese.org\/hu\/wp-content\/uploads\/2023\/05\/papa-a-madonna-kep-elott-e1683549010741-400x250.jpg"},"et-builder-portfolio-image":{"file":"papa-a-madonna-kep-elott-e1683549010741-400x284.jpg","width":400,"height":284,"mime_type":"image\/jpeg","source_url":"https:\/\/munkacs-diocese.org\/hu\/wp-content\/uploads\/2023\/05\/papa-a-madonna-kep-elott-e1683549010741-400x284.jpg"},"et-builder-gallery-image-portrait":{"file":"papa-a-madonna-kep-elott-e1683549010741-400x480.jpg","width":400,"height":480,"mime_type":"image\/jpeg","source_url":"https:\/\/munkacs-diocese.org\/hu\/wp-content\/uploads\/2023\/05\/papa-a-madonna-kep-elott-e1683549010741-400x480.jpg"},"extra-image-medium":{"file":"papa-a-madonna-kep-elott-e1683549010741-627x376.jpg","width":627,"height":376,"mime_type":"image\/jpeg","source_url":"https:\/\/munkacs-diocese.org\/hu\/wp-content\/uploads\/2023\/05\/papa-a-madonna-kep-elott-e1683549010741-627x376.jpg"},"extra-image-small":{"file":"papa-a-madonna-kep-elott-e1683549010741-440x264.jpg","width":440,"height":264,"mime_type":"image\/jpeg","source_url":"https:\/\/munkacs-diocese.org\/hu\/wp-content\/uploads\/2023\/05\/papa-a-madonna-kep-elott-e1683549010741-440x264.jpg"},"extra-image-square-medium":{"file":"papa-a-madonna-kep-elott-e1683549010741-440x440.jpg","width":440,"height":440,"mime_type":"image\/jpeg","source_url":"https:\/\/munkacs-diocese.org\/hu\/wp-content\/uploads\/2023\/05\/papa-a-madonna-kep-elott-e1683549010741-440x440.jpg"},"extra-image-square-small":{"file":"papa-a-madonna-kep-elott-e1683549010741-150x150.jpg","width":150,"height":150,"mime_type":"image\/jpeg","source_url":"https:\/\/munkacs-diocese.org\/hu\/wp-content\/uploads\/2023\/05\/papa-a-madonna-kep-elott-e1683549010741-150x150.jpg"},"full":{"file":"papa-a-madonna-kep-elott-e1683549010741.jpg","width":850,"height":480,"mime_type":"image\/jpeg","source_url":"https:\/\/munkacs-diocese.org\/hu\/wp-content\/uploads\/2023\/05\/papa-a-madonna-kep-elott-e1683549010741.jpg"}},"image_meta":{"aperture":"0","credit":"","camera":"","caption":"","created_timestamp":"1683529472","copyright":"","focal_length":"0","iso":"0","shutter_speed":"0","title":"","orientation":"0","keywords":[]}},"post":10483,"source_url":"https:\/\/munkacs-diocese.org\/hu\/wp-content\/uploads\/2023\/05\/papa-a-madonna-kep-elott-e1683549010741.jpg","_links":{"self":[{"href":"https:\/\/munkacs-diocese.org\/hu\/wp-json\/wp\/v2\/media\/10507"}],"collection":[{"href":"https:\/\/munkacs-diocese.org\/hu\/wp-json\/wp\/v2\/media"}],"about":[{"href":"https:\/\/munkacs-diocese.org\/hu\/wp-json\/wp\/v2\/types\/attachment"}],"author":[{"embeddable":true,"href":"https:\/\/munkacs-diocese.org\/hu\/wp-json\/wp\/v2\/users\/4"}],"replies":[{"embeddable":true,"href":"https:\/\/munkacs-diocese.org\/hu\/wp-json\/wp\/v2\/comments?post=10507"}]}}

pápa a madonna kép előtt
